 0. Let o(k) = k + 2. What is o(n)?
6
Let f(s) = 3*s**2 + 12*s + 12. Let k(b) = b**2 + 6*b + 6. Let w(y) = 2*f(y) - 5*k(y). Let p be w(7). Let u(q) = 4*q + q - 2*q. Determine u(p).
3
Let m(g) be the third derivative of -g**6/120 - g**5/15 - g**4/12 - g**3/6 - 153*g**2. Give m(-4).
7
Let b(x) = -1 + 0 + x**2 + x + 2 - 10 + 5. Determine b(4).
16
Let q(t) = -7*t - 3. Let m(g) be the first derivative of -10*g**2 - 8*g - 24. Let z(x) = 3*m(x) - 8*q(x). Give z(-4).
16
Let h(a) = a**2 + 7*a + 6. Let o(m) = 2*m**2 - 2*m + 9. Let i(k) = k - 1. Let x(d) = -5*i(d) - o(d). Let t be x(-2). Determine h(t).
0
Let c be 0/(-2)*(-2)/4. Suppose -5*n + 48 = 5*d + 3, c = 5*d - 20. Let p(i) = 12 - 33 + 25 - 3*i. Calculate p(n).
-11
Suppose -3*g + 7 - 35 = v, -g - 3*v = 20. Let h(r) = -r**2 - 13*r - 12. Calculate h(g).
28
Let p(g) = g**2 + 16*g + 23. Suppose 400 = -20*d + 100. Determine p(d).
8
Let r(p) be the second derivative of -p**5/20 + p**4/2 - 5*p**3/6 + 3*p**2/2 + p. Let b be (2/2)/(7/42). Suppose -b*h + 0*h = -30. Calculate r(h).
3
Let y be 4 - 2*(-9)/(-6). Let q(g) = 8*g**3 + g**2 + g - 1. What is q(y)?
9
Let g(y) = -4*y**2 - 11*y + 8. Let v(a) = a**2 + a. Let b(d) = -g(d) - 5*v(d). Let f be (9/15)/(44/440). Calculate b(f).
-8
Let v be ((3 - 8) + 4)*4. Let t be -2 + 9 + v - 13/1. Let c(z) = -z**2 - 10*z + 1. Determine c(t).
1
Let z(f) = 2*f - 6. Let u(k) = 3*k**3 - 15*k**2 + k - 5. Let c be u(5). Calculate z(c).
-6
Let d(j) = -j**2 + j - 1. Let u(n) = -n**3 - 6*n**2 + 5*n - 3. Let g = -18 - -15. Let a(p) = g*d(p) + u(p). Let x be -1 + (-1)/(2/(-6)). Give a(x).
-16
Let z(u) be the third derivative of u**4/24 - 2*u**3/3 - u**2. Let o(n) = 11*n - 334. Let a be o(31). Calculate z(a).
3
Let s(h) = -3*h**2 + 12*h - 15. Let z(f) = 4*f**2 - 13*f + 15. Let k(v) = 3*s(v) + 2*z(v). Let o be k(7). Let w(i) = i**2 - 2*i - 8. Determine w(o).
16
Let o(f) be the first derivative of f**4/4 - 5*f**3/3 + 3*f**2/2 - 240. Give o(2).
-6
Let u(q) be the third derivative of 17*q**4/24 - 5*q**3/6 + 11*q**2. Let v(l) = -9*l + 3. Let n(d) = 3*u(d) + 5*v(d). Let z be 0 + (0 + -1 - -3). What is n(z)?
12
Let q(n) be the third derivative of -3*n**4/8 + n**3/3 + 16*n**2. Let c(g) = g. Let d(y) = -4*c(y) - q(y). Give d(2).
8
Let g(b) = -100*b - 94*b + b**2 + 187*b - 9. Suppose -q + 0*q + 8 = 0. Give g(q).
-1
Let a(z) = -z**2 + z - 8. Suppose j + 2*j + 5*s + 3 = 0, -3*s + 3 = 3*j. Let n be (j + -6)*(-26)/4. Let u = n - 13. Determine a(u).
-8
Let h be (-2)/(-7) - 12/(-7). Let u(l) = -55*l**2 - 6*l + 54*l**h - 6 + 2. Suppose 2*y - 5*p - 18 = -4, 5*p = -2*y - 26. What is u(y)?
5
Let p(q) be the first derivative of -2*q**3/3 + q**2/2 + 26*q - 23. Let b(s) be the first derivative of p(s). Give b(2).
-7
Let z(j) = j**3. Let o(r) = 10*r**3 - 4*r**2 + 3*r - 2. Let f(i) = -o(i) + 6*z(i). Calculate f(2).
-20
Let d be (2 - 56/(-21)) + (-1)/(-3). Let y be (-3 + 3)/(-3) - (d + -6). Let u(f) = 6*f**2 + f. Give u(y).
7
Let r be 2 + 1 - 2 - 0. Let m be r/(-2 - 36/(-16)). Let y(n) = n**2 - 2*n - 3. What is y(m)?
5
Let n(g) = 3*g**3 + 5*g**2 - 5*g + 9. Let w(i) = i**3 + i + 1. Let b be (-2)/6*(-24)/(-4). Let x(d) = b*w(d) + n(d). Calculate x(-6).
13
Let m(z) = -z**2 + 14*z + 8. Let x be m(14). Let f(o) = 2*o - 4. Let w be f(x). Let c = w + -6. Let p(i) = -i**2 + 4*i + 4. Give p(c).
-8
Let u be (-3)/2*(-8)/6. Let c(h) be the third derivative of -h**5/60 + h**4/12 - h**3/2 + 33*h**2 + h. Determine c(u).
-3
Let a(r) be the first derivative of 1/6*r**3 + 3 - 7*r + 3/2*r**2. Let h(i) be the first derivative of a(i). What is h(-4)?
-1
Suppose 5*u = 68 + 47. Let m = 22 - u. Let x(a) = a. What is x(m)?
-1
Let j(k) = -1 + 5*k - 4*k + 0. Let u = 525 - 522. What is j(u)?
2
Let w(j) = -4*j - 10. Let z = 175 - 179. Give w(z).
6
Let q(z) = -z. Suppose 34 = 6*l - 20. Let f = l - 1. What is q(f)?
-8
Suppose -5*y + 0*y + 20 = 0. Suppose 5*w - 2*x = -5*x + y, 3*w + 15 = 4*x. Let h(c) = 11*c**2 - 1. Determine h(w).
10
Let x(k) = -3*k**2 - 4*k + 5. Let l(j) = 2*j**2 + 3*j + 3. Let d be l(-2). Let y(n) = 7*n**2 + 9*n - 10. Let m(q) = d*x(q) + 2*y(q). Determine m(-5).
-10
Suppose -6 = 3*p - 5*p. Let u(y) = -6*y - 6*y**2 - p*y - y**3 + 3*y + 7. Suppose l = -4*o - 16, o - 7*l + 4*l + 17 = 0. Determine u(o).
12
Let n(q) be the second derivative of -7*q**3/6 - q**2 + 730*q. What is n(0)?
-2
Let p(o) = 4*o - 3. Let j = 532 + -531. Give p(j).
1
Let a(c) be the second derivative of -c**5/20 + c**4/3 + 2*c**3/3 - c**2/2 - 21*c - 2. Calculate a(4).
15
Suppose 4*v + 1 = 3*h, 7 = v - 4*h + 17. Let j(i) be the third derivative of i**5/30 - i**4/12 + i**3/2 + 2*i**2. Determine j(v).
7
Let c(l) be the third derivative of -l**4/24 + l**3/3 - 37*l**2. Suppose -4*s = -8*s - 28. Determine c(s).
9
Let t be -1 + 9 + (4 - 6). Let h = 13 - t. Let i(v) = v - 8. What is i(h)?
-1
Let m(k) = k**2 - 4. Let d(v) = 2*v**2 - v - 8. Let a be ((-9)/(-6))/((-1)/2). Let b = -522 - -527. Let j(w) = a*d(w) + b*m(w). What is j(5)?
-6
Let o = 10 - 7. Suppose -l = 4*s + o*l - 4, -l + 4 = 2*s. Let u(q) = 2 + 7 - q**3 + s*q**2 - 3*q - 6. Calculate u(2).
1
Let m(j) = -j - 15. Let k(z) = z + 9. Let g(i) = 9*k(i) + 4*m(i). Give g(-6).
-9
Let g(m) = -m**3 - 2*m**2 + 1. Suppose 3 = -3*o, -27*o + 32*o = 3*t - 11. What is g(t)?
-15
Let o(v) be the second derivative of v**6/720 + v**5/40 + v**4/3 - 4*v. Let q(i) be the third derivative of o(i). Let s = -30 - -25. Determine q(s).
-2
Let b be 148/20 - 2/5. Let r(v) = -4 + 0 + b - 5*v - 1 + 2*v**2. Determine r(3).
5
Suppose -2*s - 6 = 4. Let t be 1 - -4 - (4 + (-1)/1). Let b(n) = n**t - 3*n - 3 + 0 + 6*n - 3. Give b(s).
4
Suppose a + 85 - 79 = 0. Let q(i) = -3*i + 8. Calculate q(a).
26
Let z(m) = -19*m**2 + 7*m + 1. Let a(d) = 7*d**2 - 2*d. Let c(g) = 11*a(g) + 4*z(g). Determine c(-9).
31
Let z(f) = -f**3 + 8*f**2 + 7*f + 13. Let j be (4/(-1))/(-5*(-36)/(-405)). What is z(j)?
-5
Let i(h) be the second derivative of 0 - 2*h + 2/3*h**3 + 0*h**2 + 5/24*h**4 - 1/60*h**5. Let j(y) be the second derivative of i(y). What is j(4)?
-3
Let l(c) = 10*c - 18. Let f(z) = z - 1. Suppose 3*q + 4*a = 2*q + 9, 2*a - 4 = 0. Let t(i) = q*l(i) - 8*f(i). Give t(8).
6
Let q(v) = 2*v**2 + 2*v + 2. Let z be 2/(0 - (-6)/(-6)). Determine q(z).
6
Let f(m) = -m + 10. Let o(t) = 5*t - 28. Suppose 2*p = -3*p + 35. Let r be o(p). Determine f(r).
3
Let u = -85 + 88. Let x(p) = 2*p - u + 3 - 4 - 5*p. What is x(-4)?
8
Let w(g) be the second derivative of g**3/3 - 2*g**2 + 28*g. Determine w(3).
2
Let t(f) = -2*f + 19. Let z be 6 - 14/(-6) - (-6)/9. Give t(z).
1
Suppose -7*g + 3*g = -24. Suppose 2*y + y + g = u, 9 = -y - 2*u. Let n(z) = z**2 + 5*z + 2. Determine n(y).
-4
Let x(v) = 4*v**2 - 2 + 2*v - 1 - 2*v**3 + v**3. Let d(f) = -5*f**2 - 9*f - 8. Let w be d(-5). Let n = w - -92. Calculate x(n).
5
Suppose -33 = 2*m + m. Let w = -11 - m. Let l(g) = 3 + w*g**2 + 3*g**2 - 5 - 2*g**3. Determine l(2).
-6
Suppose 0 = f + l - 7, f - 13 + 0 = -4*l. Suppose -2*q = f*k - 2*k - 4, 28 = 5*k - 2*q. Let o(g) = 4*g + 1 - g - k*g. Calculate o(-5).
6
Let f(x) = -71*x + 31*x + 35*x + 2. Give f(2).
-8
Let l(g) = 3*g - 15. Let f be (-12 - -9)*1/(-3)*5. Determine l(f).
0
Let s be 6 + (-10)/4 + (-3)/6. Let q(l) = -l**2 + 2*l - 7. What is q(s)?
-10
Let u = -32 + 34. Let j(c) = c**2 + 0*c**u - 5 + 8*c + 0*c**2 - 4*c. What is j(-6)?
7
Let z(y) be the third derivative of y**6/120 + y**5/12 - y**4/4 - y**3/3 + 2*y**2. Let l = -83 + 77. What is z(l)?
-2
Suppose 2 = -3*p + 5, -5*p = 4*o + 15. Let t(w) = -5*w - 5*w + 1 + 40*w**2 - 41*w**2 + 7*w. Determine t(o).
-9
Let t be (-1)/(-3) - 12/9. Let h(u) be the first derivative of 17 + 2*u**3 - u - 1/2*u**2. Determine h(t).
6
Let h(w) = 12*w**2 - 8*w - 3*w**2 - 1 - 8*w**2. Let m = 8 - 2. Give h(m).
-13
Let c(z) = -7*z**2 + 19*z + 22. Suppose -h + 5*h = 28. Suppose -5*k - h = 18. Let r(w) = 11*w**2 - 29*w - 33. Let u(l) = k*r(l) - 8*c(l). Give u(8).
-3
Let q(s) be the first derivative of 0*s - 53 - 1/3*s**3 - 2*s**2. Let m = -11 + 6. Calculate q(m).
-5
Let u(v) = 2*v**2 + 28*v - 47. Let j(a) = 3*a**2 + 41*a - 70. Let r(x) = -5*j(x) + 7*u(x). Give r(-11).
-1
Let h(q) = 3*q - 1 - 3*q + 13*q - 3*q. Let t be 12/54 + (-194)/(-18). Suppose 5*s + 4*w = -t, 5 + 7 = -3*w. Determine h(s).
9
Suppose 9*j + 14 = 11*j. Let h = j + -4. Let a(p) = -2*p - h + 4